st common divisor of d and 30.
15
Suppose -i + 10 = p, 5*p + 1 + 15 = i. Let x = -80 + 179. What is the greatest common factor of i and x?
11
Let q(v) = -18*v**3 + 2*v**2 + 4*v + 6. Let j be q(-2). Calculate the highest common divisor of 60 and j.
30
Suppose -2*x + 10 = 5*a + 45, 4*x = -3*a - 63. Let h be x/(-6)*(-16)/(-20). Calculate the greatest common divisor of 8 and h.
2
Let f = 18 - 35. Let t = 20 + f. Calculate the greatest common divisor of 21 and t.
3
Let n(p) = 3*p**3 - p + 1. Let t be n(1). Suppose 305*k = 308*k - 18. What is the greatest common factor of k and t?
3
Let x be ((-6)/9)/(2/(-9)). Let v be ((-2)/6)/(4/(-204)). Suppose f - v = 4. Calculate the highest common divisor of x and f.
3
Suppose -3*b + 0*b = 0. Let f(n) = b + 0 + 2*n. Let j be f(5). Calculate the highest common factor of 2 and j.
2
Let x be 5/(-4 - (-116)/24). Let g be (-3784)/(-18) + x/(-27). Calculate the highest common factor of g and 30.
30
Let a = -80 + 150. Suppose -w + a = w. What is the greatest common factor of 7 and w?
7
Let k = 5 - -4. Calculate the highest common factor of k and 27.
9
Suppose 3*d = 810 - 96. Suppose 4*a + 5*p - 222 = 303, 265 = 2*a + 5*p. Let h = d - a. Calculate the highest common divisor of 12 and h.
12
Let s(k) = k + 3. Let a be s(-3). Suppose -3*c - 2*c + 10 = -4*v, 4*c - 8 = a. Suppose v = -w + 13 + 5. Calculate the highest common divisor of w and 144.
18
Let p(k) = k**3 + 7*k**2 + k - 2. Let w be p(-6). What is the highest common divisor of w and 28?
28
Let d(r) = 0*r + 4*r - r**3 - 1 - r + 6*r**2. Let o be d(6). Calculate the highest common divisor of 119 and o.
17
Let y = 112 - 60. Calculate the greatest common factor of y and 65.
13
Let d be (35 - -5) + -3 + -1 + 0. What is the highest common divisor of d and 24?
12
Suppose 29*o + 12 = 30*o. Calculate the greatest common factor of 108 and o.
12
Suppose 47*p + 36 = 53*p. What is the greatest common divisor of 10 and p?
2
Let k be (-5)/(10/6) + 0 + 487. Calculate the greatest common factor of k and 44.
44
Let h(k) = k**3 + 6*k**2 + 3*k + 2. Let f be h(-4). Calculate the greatest common factor of 22 and f.
22
Suppose -2 = 2*c - 46. Let m(f) = -2*f + 14. Let i be m(6). What is the highest common divisor of c and i?
2
Let f be -6 - -5 - (-4 + -1). Suppose 4*u - 7 = h, -3*h - 3 = -6. Let c be 0 + u*2/4. What is the highest common divisor of f and c?
1
Suppose 13 = -t - 0*h - 4*h, -8 = -4*t - 4*h. Calculate the highest common divisor of 35 and t.
7
Suppose -s - i + 75 = 4*i, -s + 72 = 2*i. Calculate the greatest common factor of 10 and s.
10
Suppose 4*i + 93 - 25 = 0. Let b = -6 - i. Calculate the greatest common divisor of b and 33.
11
Suppose -5*h = -85 - 35. Let w(y) = -3*y - 3. Let c be w(-2). What is the greatest common divisor of h and c?
3
Let y be (-582)/(-21) + (-2)/(-7). Suppose -23 = -4*n - 2*u + 5, -n + 4 = 2*u. Suppose -4*p + 2*p = -n. Calculate the highest common factor of y and p.
4
Let x = 1 - 4. Let b(z) = 2*z**2 + z + 4. Let y be b(x). What is the highest common factor of y and 95?
19
Let l be (-3)/6 - 1/(-2). Let c = l + -3. Let p be (9/(-6))/(c/64). Calculate the highest common factor of p and 48.
16
Let i = -10 - -14. Suppose 3*v = i*v - 6. What is the highest common factor of 2 and v?
2
Let u = -12 - -14. Suppose -5*b = u*s - 84, 3*s = 4*b - 2*s - 87. What is the greatest common factor of 2 and b?
2
Let l(k) = 5*k**2 - 9*k - 3. Let u be l(6). Calculate the greatest common divisor of u and 82.
41
Suppose 0*p - p + 3*l + 90 = 0, 4*l - 335 = -3*p. Calculate the highest common divisor of 42 and p.
21
Suppose -9 = -2*j - 3. What is the highest common divisor of 33 and j?
3
Let u = 36 - 21. Let w(s) be the second derivative of s**4/4 - s**3/3 - s**2 + 3*s. Let g be w(-1). What is the highest common factor of g and u?
3
Let f = -130 - 329. Let b be 40/15*f/(-4). What is the greatest common factor of 34 and b?
34
Suppose 3*n = 3*o + 30, 0 = -4*n - 0*o - o + 40. Let w(q) = 77*q**2. Let b be w(1). Let f be 2/11 + 8456/b. What is the greatest common divisor of f and n?
10
Let s = -5 + 17. What is the greatest common divisor of 12 and s?
12
Suppose 9*g - 3*r = 4*g - 190, -g - r - 46 = 0. Let t = 67 + g. Calculate the greatest common factor of 26 and t.
26
Let x = 78 + -27. What is the greatest common divisor of x and 34?
17
Suppose -d + 2*d - 15 = b, -20 = -5*d. Let l = 7 + b. Let k be l/16 - 61/(-4). Calculate the highest common factor of k and 30.
15
Let q(p) = p**3 + 7*p**2 + p + 17. Let d be q(-7). Calculate the greatest common divisor of 4 and d.
2
Let s(a) = -2*a**2 - 12*a - 8. Let g be s(-5). Let y(d) = -d - 1. Let i be y(-3). Calculate the highest common divisor of i and g.
2
Let i be 18 - (2 - (-4 - -2)). Let k(t) = 153*t**2 + 1. Let x be k(1). What is the highest common divisor of x and i?
14
Let f be 110 - ((-6 - -4) + 0). What is the highest common factor of f and 14?
14
Suppose 5 = -4*a + 29. Calculate the highest common divisor of 30 and a.
6
Let k = -19 + 30. What is the highest common divisor of k and 77?
11
Let z be -3*(-2 - -3) + 80. Let b = -58 - -37. Let s = -14 - b. Calculate the highest common factor of s and z.
7
Suppose 3*f - 5 = -3*h + 16, -f - 3 = -h. Let r be -3*(3 + 22/(-6)). Let x be (8/5)/(r/25). Calculate the highest common divisor of x and h.
5
Let m = 3 - -1. Suppose -3*k - 6*j + 163 = -2*j, -m*k - 4*j + 212 = 0. Suppose 3*b + 15 = -0*b, k = c - 5*b. Calculate the greatest common factor of 60 and c.
12
Let h(o) = -o**3 + 2*o**2 - 2*o + 1. Let k be h(2). Let f = k + 17. Let x be (1 - 0)/(3/126). What is the greatest common factor of f and x?
14
Suppose -30*q + 38*q - 336 = 0. Calculate the highest common factor of q and 70.
14
Let n = -9 - -11. Suppose 3*s - n*z = 6*s - 22, z = 5*s - 28. Calculate the greatest common factor of 24 and s.
6
Suppose 450 = 5*s - 4*v, 2*s - 2*v - 33 = 145. Suppose 0 = -6*o + o + u + 161, 3*o = -2*u + s. What is the highest common factor of 8 and o?
8
Let z = 2 - 11. Let p(r) = r**3 + 10*r**2 + 8*r - 7. Let f be p(z). Let x(o) = o**3 - o. Let s be x(2). What is the highest common factor of f and s?
2
Let v(h) = 2*h**2 + 20*h - 14. Let l be v(-11). Calculate the greatest common factor of l and 24.
8
Let z(n) = n**2 - 8*n + 9. Let m = -11 + 18. Let x be z(m). What is the highest common divisor of x and 2?
2
Let g be (6/(-9))/((-6)/180). What is the highest common divisor of g and 10?
10
Let g = 44 + -40. What is the greatest common factor of 20 and g?
4
Let y(i) = i + 7. Let j be y(-3). Suppose d = -j*d + 100. What is the greatest common divisor of 4 and d?
4
Let g be 2 + 7 - (0 + -1). Suppose -4*d + 346 = g. What is the greatest common factor of d and 14?
14
Let t(g) = g**3 - 10*g**2 - 12*g + 13. Suppose 3*f + 3 = 0, 4*a + f = -3*f + 40. Let d be t(a). What is the greatest common factor of d and 2?
2
Let i be (69 - 1)*2/8. Let y = -7 + i. What is the highest common divisor of 10 and y?
10
Let n = -47 - -75. Let k be 1/4 - 2232/(-32). What is the greatest common factor of k and n?
14
Let q be ((-70)/21)/(4/6). Let n be (2/q)/(5/(-800)). Calculate the highest common divisor of n and 16.
16
Suppose -3*v - 3*v = -18. Suppose b + q - 54 = 18, 0 = b + v*q - 62. Calculate the greatest common factor of b and 7.
7
Suppose -4*t + 102 + 22 = 0. Calculate the greatest common factor of t and 279.
31
Suppose -4*s + 30 = -s. Suppose 3*a = -2*a + 400. Calculate the highest common divisor of s and a.
10
Let z = -200 + 211. What is the highest common divisor of 33 and z?
11
Suppose r - 20 = -3*x, -5*x + 28 = 2*r - r. What is the highest common factor of r and 1?
1
Suppose 0 = -x + 3*t + 60, 3*x = -0*x + 4*t + 200. Let z = -16 + 24. Calculate the highest common factor of z and x.
8
Suppose -12 = 6*y - 10*y. What is the highest common divisor of y and 8?
1
Let j = 267 - 123. Calculate the greatest common factor of j and 18.
18
Let j = 22 - -23. Suppose -2*t - t = -j. What is the highest common divisor of 3 and t?
3
Let w(d) = d**3 + 3*d**2 - 2*d + 4. Let i be w(-3). Let u = 0 - -15. What is the greatest common divisor of u and i?
5
Let x(q) = 7*q + 2. Suppose -3*c - 22 = 5*o - o, -4*c = 3*o + 20. Let p be -3 + 1 - (-8 - c). Let v be x(p). Calculate the highest common factor of v and 20.
10
Let l(d) = 3*d**2 + 6*d + 2. Let c be 2